s of s/2*u/2.
2
Let b(r) = -r**2 - 7*r. Let p be b(-9). Let q = -30 - -51. List the prime factors of q*3/(p/(-4)).
2, 7
Suppose 3*w - 387 = -2*b, -4*w - 635 + 12 = -3*b. List the prime factors of b.
3, 67
Let d(x) = 3*x**2 - 9*x + 8. Let h(a) be the first derivative of a**3/3 + a + 3. Let p(v) = d(v) - 4*h(v). List the prime factors of p(-9).
2
Suppose 0 = -3*c + 4*c - 231. List the prime factors of c.
3, 7, 11
Let c(n) be the first derivative of n**3/3 - n**2 - 4*n - 4. What are the prime factors of c(7)?
31
Let i(z) = 9*z - 25. What are the prime factors of i(4)?
11
Let y = 13 + 70. List the prime factors of y.
83
Suppose 4*p = -8 + 184. Suppose 12 - p = -i. What are the prime factors of i?
2
Suppose 4*r - 299 + 47 = 4*n, 4*n = 2*r - 132. What are the prime factors of r?
2, 3, 5
List the prime factors of 18/2 - (4 - (-2)/(-2)).
2, 3
Let d be -2 + 3 - 22*-1. Suppose 0 = -j + 2*j + 4*i - d, 0 = 5*i + 20. What are the prime factors of j?
3, 13
Let x(a) = -a**3 - 2. Let h be x(-2). List the prime factors of (-6)/(-2) + 0 + h.
3
Suppose 0 = -16*k + 4*k + 4392. What are the prime factors of k?
2, 3, 61
Let k be -18 + 1/((-2)/(-4)). Let i = k - -22. What are the prime factors of i?
2, 3
Let y(o) = o + 6. Let d be y(-4). Suppose 2*s + d = 0, -5 = -2*m - 2*m - 3*s. Suppose 3*c = -w + 21, -c - m*w = -2*c. List the prime factors of c.
2, 3
Let t(u) = 9*u**3 - u + 2. What are the prime factors of t(1)?
2, 5
Suppose -13 = -4*y + 3, -4*p = 3*y - 28. Suppose -p*o + 123 = -9. Suppose -6*r - o = -3*c - 3*r, 2*r = -4. List the prime factors of c.
3
Suppose -36 = -3*g + 9. Suppose 0 = 5*x - 0 - g. Suppose -2*t + x*b + 23 = 0, -3*t + 42 = -b - b. What are the prime factors of t?
2
Suppose -238 = -2*d - 0*d - 3*z, -4*z = 16. What are the prime factors of d?
5
Let g = -7 - 2. Let p = g - -15. Let f(r) = -r**3 + 7*r**2 - 4*r - 4. List the prime factors of f(p).
2
Suppose 0 = -5*n - 8 + 58. Let f(r) = r**2 - 8*r + 4. List the prime factors of f(n).
2, 3
Suppose -13 = -2*b - 5. Suppose -8*m - 57 = -b*p - 3*m, -2*p + m + 21 = 0. What are the prime factors of p?
2
Let k(h) = h**2 + 3*h + 5. Let m be k(-4). Let n = m - 7. What are the prime factors of 4 + -3 - n*-1?
3
Let r(h) = -h**2 - 2*h + 3. Let m be r(-3). Let s be 8/3*3/2. Suppose m = 3*l - 2*n + 7*n - 19, -5*n + 27 = s*l. List the prime factors of l.
2
Suppose -26*j + 126 = -23*j. List the prime factors of j.
2, 3, 7
What are the prime factors of 77/(-33)*(-30)/2?
5, 7
Let g(b) = -b. Let y(j) = -j + 1. Let f(n) = 2*g(n) - y(n). Let s be f(-5). Suppose -s*o + 53 - 21 = 0. List the prime factors of o.
2
Suppose 4*k = 5*k + 5. Let o = 14 + k. List the prime factors of o.
3
Suppose 3*q + 16 = 7*q. Suppose -q*m = m - t + 39, 4*t = -2*m - 20. What are the prime factors of (0 + 3)/((-12)/m)?
2
Let f(r) = -23*r + 10. Let x be f(-6). Let u = -102 + x. List the prime factors of u.
2, 23
Suppose -83 = -2*r - 2*r - n, -5*r + 5*n = -135. List the prime factors of r.
2, 11
Let f = -2 - -17. Suppose -4*i - i = -f. Suppose -l - i = -4*v + 8, 3*l = -v + 19. List the prime factors of l.
5
Suppose -5*m - 129 - 105 = -3*g, -3*m - 5*g - 120 = 0. Let j = m - -64. What are the prime factors of j?
19
Let g = 10 + -7. Suppose 0 = -g*u + 5*u. Let h(a) = a**3 - a**2 + 8. List the prime factors of h(u).
2
Suppose -2124 = -4*k - 5*k. List the prime factors of k.
2, 59
Let v(y) = y**3 + y**2 - 4. Suppose q - 13 = -3*b, -5*b + 4*q = q - 3. List the prime factors of v(b).
2
Let u(w) = w**2 - w - 3. Let n be u(0). Let c(h) = -h**3 + 3*h + 2. Let o be c(n). List the prime factors of ((-32)/(-10))/(8/o).
2
Let g be (2 - (1 - -1)) + 3. List the prime factors of (g/1)/(-3) + 7.
2, 3
Suppose 3*h = 4*b + 4, 0 = 4*b + 3*h - h - 16. Suppose -b*t + 27 = t. What are the prime factors of t?
3
Let c = 90 + -42. Suppose -3*m - m = -c. List the prime factors of m.
2, 3
Let b(d) = -13*d. Suppose -3*x = -0*x + 3. What are the prime factors of b(x)?
13
Let u(k) = -k - 10. List the prime factors of u(-21).
11
Let c be (0 - 1)/(-3 + 2). Let a be 1 - -2*37*c. Suppose -3*b - 2*b = 3*x - a, 0 = 5*b - x - 55. What are the prime factors of b?
2, 3
Let x = -481 - -731. What are the prime factors of x?
2, 5
Let k(d) = d**3 - 6*d**2 + 4*d + 5. Let a be k(5). Suppose a = -z - 3*z + 164. What are the prime factors of z?
41
Let f(z) be the second derivative of z**4/12 - z**3/2 - 4*z**2 + z. What are the prime factors of f(6)?
2, 5
Suppose -3*u - 163 = -4*u. List the prime factors of u.
163
Suppose 2*f = 5*j + 22, f = 2*j + 3*f + 6. Suppose -l - 4*l = -70. Let y = j + l. List the prime factors of y.
2, 5
Let s(c) be the first derivative of -c**4/4 - 2*c**3 - 2*c**2 + 7*c + 2. Let n be s(-5). Suppose -2*y = n*y - 16. List the prime factors of y.
2
Let b be ((-34)/(-6))/(2/12). Suppose -n - n = -b. What are the prime factors of n?
17
Suppose -5*g + 32 = -3*g. What are the prime factors of g?
2
Let f = -5 + 9. Suppose 2*k - f = 6. Suppose -4*q + 35 = 3*h - 0*h, k*h - 40 = -3*q. List the prime factors of h.
5
Let v(w) = 2*w - 5. Let m be v(4). Let s(k) = 6*k + 3. List the prime factors of s(m).
3, 7
List the prime factors of 1*(10 - (4 - 2)).
2
Let u(d) = 3*d**2 + 8*d + 12. List the prime factors of u(-6).
2, 3
Suppose -l - 2 = -13. Let f = l + -7. What are the prime factors of f?
2
Let j = -73 + 139. List the prime factors of j.
2, 3, 11
Let n be (-18)/(-45) - 72/5. List the prime factors of 4/14 + (-178)/n.
13
Let s(k) be the third derivative of 1/6*k**3 - 2*k**2 + 1/60*k**6 + 1/30*k**5 - 1/12*k**4 + 0*k + 0. List the prime factors of s(1).
3
Let k(t) be the second derivative of -t**5/20 + 2*t**4/3 + 5*t**3/3 + 11*t**2/2 - 2*t. List the prime factors of k(9).
2, 5
Let p(s) = -s + 3. What are the prime factors of p(-14)?
17
Suppose -w + 4*w = 108. What are the prime factors of w?
2, 3
Let o be 12*-2*14/(-6). Let f = -31 + o. What are the prime factors of f?
5
Suppose -5*i + 40 = -3*k, 3*i = 2*i - k + 16. What are the prime factors of i?
11
Suppose -3*s + 1086 = 3*t, -s + 5*s - 3*t - 1476 = 0. What are the prime factors of s?
2, 3, 61
Suppose -3*p + 569 = -4*y, 3*y + 535 + 406 = 5*p. What are the prime factors of p?
11, 17
Let p = -37 + 63. Suppose -3*r = -p - 34. Let m = 34 - r. What are the prime factors of m?
2, 7
Let z(t) = -t**3 + 11*t**2 + 18*t - 1. List the prime factors of z(12).
71
Let c be 2/(24/(-33))*4. Let a = c + 18. What are the prime factors of a?
7
Suppose -4*t + 3*m + 55 + 75 = 0, -2*m = -4*t + 128. Suppose -5*u - 15 = 0, -t - 13 = -5*v + 3*u. What are the prime factors of v?
7
Suppose 4*m = 46 - 6. What are the prime factors of m?
2, 5
Let r(h) be the second derivative of -h**5/20 - h**4 + 13*h**3/6 + 9*h**2 + 6*h. What are the prime factors of r(-13)?
2, 3
Let w(y) = 2 - 3 + 4 + 2*y**2 - 4*y. Let q(h) = 2*h - 7. Let r be q(5). List the prime factors of w(r).
3
Suppose 14 = s + 5. What are the prime factors of (24/20)/(s/150)?
2, 5
Let z be (-26)/8 - (-9)/(-12). Let k = 11 + -23. Let f = z - k. List the prime factors of f.
2
Let k(x) = x**3 + 24*x**2 + 18*x + 1. What are the prime factors of k(-23)?
2, 29
Let n be 34/12 + 5/30. Suppose -2*c = -8*i + n*i - 26, -5*c = -3*i - 65. What are the prime factors of c?
13
Let b = 41 - -7. Suppose -4*l + b = -2*l. List the prime factors of l.
2, 3
Let w be (2 - 2)/(-3 + 1). Suppose -3*s + 11 = 2*j - w*s, 19 = 3*j + 2*s. Let g = 3 + j. List the prime factors of g.
2, 5
Let y(d) = 81*d - 4. What are the prime factors of y(1)?
7, 11
Suppose 0 = o - 2, 4*o + 628 = 2*q. What are the prime factors of q?
2, 3, 53
Let k = -100 - -182. List the prime factors of k.
2, 41
Suppose 60 = 8*b - 3*b. Suppose -k + b = 2*k. What are the prime factors of ((-38)/4)/((-2)/k)?
19
Let m = 112 + -62. What are the prime factors of m?
2, 5
Let w(q) = -q**3 - q**2 - 3. Let h be w(0). Let p be (-1 + 0)/(h/(-9)). List the prime factors of (-4)/6*p*1.
2
Suppose 47 = 4*u + 7. Let z = u + 7. What are the prime factors of z?
17
Suppose -26 = -4*h + 14. Suppose -2*z = -4*z + h. What are the prime factors of z?
5
Let j be ((-8)/6)/(1/(-3)). Suppose 0 = -4*d - j*m + 66 - 6, 4*m - 44 = -3*d. What are the prime factors of d?
2
Let x(d) = -d**3 - 6*d**2 + 8. List the prime factors of x(-6).
2
Suppose r - 5*s = 44 + 11, 362 = 5*r + 4*s. List the prime fac